u(j)?
-2
Let t be -9 + 6 + 22/(-4)*-4. Suppose -10*y + 14*y - t = -5*f, -3*y + 15 = 3*f. Let c(k) = 0 - 5*k**2 + k**3 + 4 + 1 - 5*k. Calculate c(y).
11
Let u(d) be the first derivative of -d**6/360 - 13*d**5/120 + d**4/4 - d**3/3 + 3*d - 36. Let s(o) be the third derivative of u(o). Give s(-13).
6
Let m(n) = 13 + 31*n - 23 + 10. What is m(1)?
31
Let o be 116/(-18) - 2394/1539. Let s(h) = -3*h - 11. Give s(o).
13
Let a(y) be the first derivative of -y**4/4 + 4*y**3/3 + 5*y**2/2 + 7*y - 6. Let m be (1*(-9)/(-2))/(195/260). Calculate a(m).
-35
Let d = 179 - 175. Let k(m) = -2*m**3 - 5*m**2 - 17*m - 137. Let q(s) = -s**3 - 2*s**2 - 8*s - 63. Let p(f) = -6*k(f) + 13*q(f). Calculate p(d).
-5
Let y(i) be the first derivative of i**3/3 + 10*i**2 + 25*i + 1027. What is y(-17)?
-26
Let o(s) = -5*s**3 - 3*s**2 + 21*s + 5. Let l(a) = -9*a**3 - 5*a**2 + 37*a + 11. Let g(n) = -4*l(n) + 7*o(n). Determine g(3).
6
Suppose 0 = y + n - 6, 438 = 4*y - 2*n + 408. Let t(r) = r**3 - 8*r**2 + 6*r + 14. What is t(y)?
7
Let n(v) be the second derivative of -v**4/12 + 11*v**3/6 - 5*v**2/2 + 94*v - 5. Calculate n(14).
-47
Let v be 9 - (16 - 12)*30/24. Let a(z) = -z**2 + 3*z + 12. Calculate a(v).
8
Let j(o) = o**2 - 7*o - 10. Let m = -34 - -59. Suppose 5*d = m + 205. Let g = d + -39. What is j(g)?
-10
Let t(j) be the second derivative of -3*j + 19/2*j**2 + 7/3*j**3 - 1/12*j**4 + 25. Give t(15).
4
Let v(c) = 178 - 3*c + c - 187. What is v(-3)?
-3
Let a(t) = 3*t - 43. Let w(f) = -2*f + 29. Let k(j) = -5*a(j) - 7*w(j). Let z be 0 + -19 + -2 + (6 - 1). Let s = -11 - z. What is k(s)?
7
Let i(s) be the third derivative of -s**6/720 - 49*s**4/12 - 10*s**2 + 2*s. Let a(j) be the second derivative of i(j). Give a(4).
-4
Let f = 391 - 339. Let j(o) = -f - 54 + 8*o + 156 - 55 - o**3 + 5*o**2. Calculate j(6).
7
Let u(m) = m**3 - 4*m**2 + 3*m. Let a(r) = -r**2 - 15*r - 41. Suppose 55 = -475*s + 470*s. Let c be a(s). What is u(c)?
0
Let i(z) = 3197*z + 0 + 3 + 3194*z - 6385*z. Calculate i(1).
9
Let p(g) be the second derivative of g**4/12 - g**3 - g**2/2 - 2*g. Let m(i) = 5*i**2 - 2*i - 31. Let w be m(-4). Suppose 63*o - 42 = w*o. Calculate p(o).
6
Let d = -22 - -21. Let n be (-1)/d + (-2 - 0)/2. Let k(g) = n - 8 - g + 7. What is k(2)?
-3
Let p(n) = -n + 5. Suppose 0 = 13*w - 22 - 56. Suppose i = 8 - w. Let q = i + 3. Calculate p(q).
0
Let m(z) be the second derivative of z**3/2 - 23*z**2/2 - 1514*z. Give m(12).
13
Let f = -794 + 802. Let c(d) = f*d**2 + 5*d**2 + 13*d**2 + 2 + 11*d**2 - 2*d - 43*d**2. Determine c(2).
-26
Let y(s) = 379*s + 1 + s**3 - 378*s + 6 + 7*s**2 + 7. What is y(-7)?
7
Let g(z) = -10*z - 227. Let o(t) = 21*t + 523. Let u(a) = -5*g(a) - 2*o(a). Calculate u(-10).
9
Suppose -24 = -5*o - u, 4*o + u - 24 = -u. Suppose -y = -6*y + 45. Let q(z) = 12 - z**2 + y + z**3 - 20 - 5*z - 2*z**2. Calculate q(o).
-3
Let t(x) = -4271*x**3 + 0 + x + 4272*x**3 - 6 + 5*x**2. Suppose -5*g = -4*j - 6 - 14, 5*g = 0. Calculate t(j).
-11
Let l be 171/6*8/36*3. Let t(v) = -14 + 31 - l - 4*v. Let o = 11 + -7. Give t(o).
-18
Let o(d) be the first derivative of -d**4/12 + 13*d**3/6 - 2*d**2 - 91*d - 9. Let x(a) be the first derivative of o(a). Determine x(11).
18
Let t(x) be the second derivative of -1/6*x**3 - 130*x + 11/2*x**2 + 0. Determine t(-5).
16
Let j(f) be the first derivative of -13*f**5/60 + f**4/8 - f**3/6 + f**2/2 - 87*f - 93. Let d(p) be the second derivative of j(p). Calculate d(2).
-47
Let x(d) = -d - 2. Suppose -4*u = 2*g - 3*g + 2, 4*u + 5*g = -14. Let i(b) = -b - 1. Let j(r) = u*x(r) + 2*i(r). Give j(-8).
8
Let i(k) = 13*k + 150. Let d = -48 - -36. Let g be i(d). Let j(z) = -2*z - 7. What is j(g)?
5
Let o(a) = 31*a - 116. Suppose 8*t - 4*v = 12*t - 32, 0 = -3*v + 12. Determine o(t).
8
Let b = 8506 - 8497. Let s(f) = -2*f**2 + 16*f + 10. Determine s(b).
-8
Let d be ((-4968)/115)/(2/15). Let g = d + 322. Let z(k) = k + 1. What is z(g)?
-1
Let w(c) = -2*c**2 + c - 6. Let b(z) = -z**2 - 2*z + 6. Let h(u) = -3*b(u) - 2*w(u). Calculate h(1).
5
Suppose 2*s = 10*s - 16. Let h(z) = 2*z**2 + 4*z - 4. Let n(j) = -j**2 - 3*j + 3. Let r(f) = 2*h(f) + 3*n(f). What is r(s)?
3
Suppose 14*k + 3 = -11. Let h be (-49 - -42)/(2 + k). Let f(w) = -w - 9. What is f(h)?
-2
Suppose 0 = -m + 2*m - 11. Suppose 5*x = m*x + 336. Let z = x + 59. Let o(r) = r - 3. What is o(z)?
0
Let m(o) = -o. Let r(q) = -1. Let j(p) be the second derivative of p**3/6 + 2*p**2 + 2*p. Let x(n) = -j(n) - 3*r(n). Let b(z) = 5*m(z) + x(z). Give b(-3).
17
Suppose 11*y - 4 = 41 - 1. Let z(f) be the first derivative of 4*f - 1/4*f**y + 14 + 3/2*f**2 - 5/3*f**3. Determine z(-5).
-11
Let f(m) = -m**3 - 6*m**2 - 5*m - 1. Suppose 27*i + 189 = 27. Determine f(i).
29
Let d(z) = z + 22. Let j be d(-21). Let n(a) = 0*a + a + j + 2*a - 4*a. Give n(-7).
8
Let y = 5 - 12. Let w(l) = l**3 + 8*l**2 + 7*l - 10. Let x be w(y). Let j(a) = a + 13. Calculate j(x).
3
Let d(b) = 20*b - 110. Let n be d(6). Let u = n - 3. Let k(i) = -i**3 + 2 + 5 - i + 2*i**3 - 7*i**2. Determine k(u).
0
Suppose -3*m - 7*q - 44 = -9*q, 0 = 5*m - 5*q + 80. Let x(p) = -p**2 - 13*p - 19. Give x(m).
-7
Let s be (-16)/(-20)*(-6 - -1). Let c(k) = -230*k + 3. Let o(f) = -38*f. Let j(m) = -c(m) + 6*o(m). What is j(s)?
-11
Let r(a) = 5 + a**2 - 4*a**2 - a**2 + 17*a + 3*a**2. Suppose 10*k = 19 + 151. What is r(k)?
5
Let m(a) = -5*a**3 - 4*a**2 - 8*a - 1. Let o be (6/4)/(32/(-64)). Let q(p) = 2*p**3 + 2*p**2 + 4*p. Let c = 9 - 16. Let k(b) = c*q(b) + o*m(b). What is k(2)?
-5
Let g = -72 - -81. Suppose -4*k + 21 = g. Let w(u) = -u**3 + 4*u**2 - 5*u + 3. Calculate w(k).
-3
Let j(c) = -c**3 + c**2 + 5*c - 4. Suppose 65 = v - 17. Suppose 16*t + 18 = v. Give j(t).
-32
Let x(c) be the second derivative of c**6/120 + c**5/60 - 23*c**3/6 - 97*c**2 - 29*c + 2. Let o(a) be the first derivative of x(a). Calculate o(0).
-23
Let a(g) = -70*g - g**2 + 36 - 54*g + 2 - 51*g + 194*g. Give a(21).
-4
Suppose -70*p + 166*p - 14 = 82*p. Let y(j) = -91*j + 4. Calculate y(p).
-87
Let s be (-2)/(-2)*5 - 3. Let l(q) = q - 9 + 10 + 5*q**s + 4*q**2. Let r be (58 - 59)/(1 + (1 - 1)). What is l(r)?
9
Let y(r) be the second derivative of -2*r**5/15 - r**3/3 + 99*r**2/2 - 128*r. Let z(s) be the first derivative of y(s). Calculate z(-2).
-34
Let p be ((-6)/4)/(-1*2/4). Suppose f + 20 = 4*c + c, -4*f - 29 = -p*c. Let j(u) = 3*u. Calculate j(c).
9
Let k(z) be the third derivative of z**6/120 - 11*z**5/60 + 7*z**4/24 - 2*z**3/3 - 2260*z**2. Calculate k(10).
-34
Suppose -5*w + 8 = -3*u, -2*w + 3*u + 4 = -w. Let q(a) = a**2 - 2*a. Let r(f) = f**3 + 4*f**2 - 7*f - 1. Let l(v) = w*r(v) - 4*q(v). Give l(-3).
-31
Let f(o) = -9*o + 1. Suppose -2*j + 4 + 8 = 0. Suppose 7*l - l = -j. What is f(l)?
10
Let w = 39 - 24. Let c = 17 - w. Let l(d) = 3*d + 4 - d**c - 13 + 6. Determine l(2).
-1
Let a(k) = -25*k**3 + 37*k**2 - 40*k + 153. Let s(y) = -42*y**3 + 73*y**2 - 79*y + 302. Let g(j) = 5*a(j) - 3*s(j). What is g(33)?
-9
Suppose 40*t = -55*t - 560 - 200. Let o(v) = -v**3 - 5*v**2 + 26*v - 5. Determine o(t).
-21
Let z(g) = -g**2 - 15*g - 16. Suppose d - 6*d + x + 532 = 0, 3*x + 6 = 0. Suppose 41 - d = 5*c. What is z(c)?
10
Let x be 12*(16/(-6))/(-4). Let u(k) = 74*k**3 - k**2 - k. Let r(l) = -371*l**3 + 13*l**2 + 3*l - 7. Let a(c) = -r(c) - 5*u(c). What is a(x)?
23
Suppose 0 = -23*z - 253 + 100 - 146. Let d(k) = k**3 + 13*k**2 - 3*k - 32. Calculate d(z).
7
Let q(k) = 93*k - 464. Let c be q(5). Let p(n) = 3*n**3 - 2*n**2 + 3*n - 2. Calculate p(c).
2
Let l(q) = -67*q + 34*q - 3*q**2 + 35*q + q**3. Suppose -4*b + 23 = -0*b + 3*s, -3*b + 4*s = 14. Give l(b).
0
Let t(n) = 34*n + 2. Let x(z) = -16*z - 1. Let r = 138 - 132. Let f(v) = r*t(v) + 13*x(v). Determine f(-2).
7
Suppose -277*u = -307*u + 240. Let n(x) = x**3 - 8*x**2 - 7*x - 10. Determine n(u).
-66
Let t(s) = -s**3 + 11 + 37*s - 1 - 24*s**2 + 26*s - 107*s. Give t(-22).
10
Suppose 16538*w - 16549*w - 66 = 0. Let j(f) = -f**2 - 18*f - 66. Determine j(w).
6
Let n(t) = t**2 - 8*t - 7. Let a be n(9). Suppose 0 = -a*v + 6*v - 20. Suppose v = 9*b - 4. Let i(h) = 7*h**3 - h**2 + h. What is i(b)?
7
Let x(w) = w**3 + 94*w**2 - 64*w - 6015. Let k be x(-94). Let d(o) be the first derivative of 7*o**2/2 + 2*o + 1. What is d(k)?
9
Let f(v) = -4*v**2 + 10*v - 42. Let o(j) = 5*j**2 -